 + 3*j - 29 = 0, -j + 5 = -2*j. What is the units digit of x?
4
Let s = 2 + -1. Let n be s/(4/(-14))*2. Let q = n + 16. What is the units digit of q?
9
Let u = 5 + -2. Suppose -2*w + 30 = -u*g, 6*w - 3*w + 4*g - 28 = 0. What is the tens digit of w?
1
Let u = -24 + 41. What is the units digit of u?
7
Let z(r) = 19*r - 3. What is the tens digit of z(2)?
3
Suppose j + 0*j - 55 = 0. Suppose -5*r = -2*s + 12 + 33, r = 5*s - j. What is the units digit of s?
0
Suppose 0 = 5*w - 2 - 28. Let f(i) = -i - 2*i**2 + i**2 + 1 + 9*i. What is the units digit of f(w)?
3
Suppose 5*d - 13 = -3. Suppose h = -1 + 4. Suppose h*o - 59 = -5*m - 3, 2*o = d*m + 16. What is the tens digit of o?
1
Suppose -42*c = -38*c - 464. What is the hundreds digit of c?
1
Let v(t) = 12*t**2 - t. Suppose h = -2 + 4. Suppose 5 = -h*q - 3*q. What is the tens digit of v(q)?
1
Let n(m) = -m**3 + 3*m**2 - m. Let d be n(2). Suppose 4*k = d*i, 4*i = -2*k + k + 18. Suppose -2*o - 17 = -t, k*t - o - 76 = -3*t. What is the tens digit of t?
1
Suppose 0 = -5*j + b + 18, 0*j + b = -j + 6. Let q = j - 3. What is the units digit of q?
1
Suppose 4 = -2*t + b + 17, -19 = -2*t + 3*b. Let z be (4/(-5))/((-2)/t). Suppose 0 = z*x - 0*x - 2*d + 8, 5*d = -4*x + 29. What is the units digit of x?
1
Let r = -2 - -7. Suppose -6*z = -5*z - r. What is the units digit of z?
5
Suppose -9 = -2*a - 7. Suppose d = 2*d. Let v = a + d. What is the units digit of v?
1
Suppose 2*p = 40 + 102. What is the tens digit of p?
7
What is the tens digit of 1 + 3 - 3*-71?
1
What is the units digit of (-76)/(-20) - (-2)/10?
4
Let l be 6/10 + (-12)/(-30). What is the units digit of (-16)/(-4)*l/1?
4
Let o be 11*1*(1 - -2). Let m = 1 + 4. Suppose 0*z - o = -4*n - z, -m*z + 39 = 2*n. What is the units digit of n?
7
Let p(d) = d**3 + 9*d**2 + 9*d + 11. Let n be p(-8). What is the tens digit of n/6 + (-309)/(-6)?
5
Suppose 2*i = -2*i - 3*c + 32, 2*i - 3*c - 34 = 0. Suppose -i + 0 = -u. What is the tens digit of u?
1
Suppose -5*u + 3*h = -16, 4*u - 5*h - 22 = -4. Let g = 5 - u. Suppose 0 = -2*q + g*a + 16, 3*a - 24 = -3*q - 0*a. What is the units digit of q?
8
What is the tens digit of (4/2)/(3/30)?
2
Suppose 0 = 4*x - 3*x - 23. What is the units digit of x?
3
Suppose 3 = 2*k - 1. Let d be ((-1)/(-4))/((-1)/(-4)). Suppose v = -2*f - d - 1, 2*v = -3*f - k. What is the units digit of v?
2
Let f = 78 - 20. Let t = -27 + f. What is the tens digit of t?
3
Let r = -5 - -9. Suppose 3 - 26 = r*g + 3*f, 9 = -g - 4*f. Let k = -4 - g. What is the units digit of k?
1
Suppose -5*h = 5*r - 220, -2*h - r = h - 132. Suppose -16 = 4*z - h. What is the units digit of z?
7
Let h = 234 - 382. What is the units digit of (h/(-8))/(1/2)?
7
Let u = -7 - -7. Let q(i) = -i**2 + 17. Let v be q(u). Suppose -2*o + 14 = -d + 3*d, -v = -2*o + d. What is the units digit of o?
8
Suppose -2*c - h + 13 = 0, -c - 5*h = c - 17. What is the units digit of c?
6
What is the units digit of 6/8 + (-33)/(-4)?
9
Suppose 2 = -g + 24. Suppose 0 = -2*s - 3*k - 40, -3*s = -k - k + 34. Let f = g + s. What is the units digit of f?
8
Suppose -3*j + 2*j = -3*h + 136, -2*j + 43 = h. What is the units digit of h?
5
What is the tens digit of ((-2)/(-4) - -1)*26?
3
Let a(t) = -t**3 - 2*t**2 + 5*t + 5. Let d be a(-4). Suppose 3*n = -d + 65. What is the tens digit of n?
1
Let z be (-10)/(-25) + (-6)/(-10). Suppose y + 2*g = 12, -5*y + 89 = -4*g + z. Suppose -4*w + y + 16 = 0. What is the units digit of w?
8
Suppose 3*b - 2*b + 1 = 0. Let t be 1*(b + 2 + -1). Suppose 0*f + 2*f - 8 = t. What is the units digit of f?
4
What is the units digit of (-10)/5 + (36 - 1)?
3
Suppose -o = -2*s - 31, 3*s - 13 + 65 = -4*o. Let c = s - -27. What is the units digit of c?
1
Suppose 6 = 2*j, 5*n = j - 4*j + 129. What is the units digit of n?
4
Suppose 0 = -4*l - 0*l + 384. What is the units digit of l?
6
Let f(p) be the third derivative of p**4/3 + 4*p**2. What is the tens digit of f(2)?
1
Let l be 2/(-5) + 168/20. What is the units digit of l/(-12)*-2*15?
0
Suppose 5*d - 11 - 14 = 0. Suppose -5*u + 109 - 33 = 3*h, 0 = -d*u + 25. What is the units digit of h?
7
Suppose 4*k = 20 - 0. Suppose -k*y = -4*a + 245, 4*y - 116 = -2*a - 0*a. Suppose 5*c - 81 = 3*l, 6*c - a = 3*c - 2*l. What is the units digit of c?
8
Let p(o) = o**3 + 3*o**2 - 4*o + 4. Let c be p(-4). Suppose -2*b + c*v + 26 = 0, 2*b + 1 + 3 = -2*v. What is the units digit of b?
3
Let k be (-8)/20 + 72/5. Let p(w) = k + w - 2*w + 0. What is the units digit of p(8)?
6
Let t be 1 + (-2 - 0) + 1. Suppose -g = -t*g. What is the units digit of (g + 4)*15/12?
5
Let y = -196 - -301. What is the hundreds digit of y?
1
Let h = 10 + 2. Let s be 1/((-21)/h - -2). Suppose 40 + 0 = s*o. What is the tens digit of o?
1
Let x be ((-6)/9)/(8/12). Let l(o) = -19*o. What is the units digit of l(x)?
9
Suppose -4*w + 75 = -349. What is the hundreds digit of w?
1
Let i = 15 - 3. What is the tens digit of i?
1
Suppose -10 = 3*d + 2*d, -528 = -4*l - 4*d. Suppose -5*c + 25 + l = -3*w, -3*w = c - 39. What is the tens digit of c?
3
Let a = -1 - -18. What is the tens digit of a?
1
Let u(h) = -h - 1. Let p(b) = -5*b**2 + 7*b + 5. Let w(y) = -p(y) - 6*u(y). What is the units digit of w(1)?
5
Suppose 9*q - 4*q - 3*b - 477 = 0, q - 92 = 4*b. What is the tens digit of q?
9
Let b(t) = -t - 9*t**2 - 6*t**2 + 19*t**2. What is the units digit of b(1)?
3
Suppose 2*a + 3*t = -2*a, t = -4*a. Suppose 2*p = -4*d - a*d + 8, -4*p + 46 = 2*d. What is the units digit of p?
4
Suppose -4*g + 140 = -5*z, 4*g + 2*z = 3*z + 140. Suppose 4*y = 69 + g. What is the tens digit of y?
2
Let b be (-2)/(-4) - (-1)/(-2). Let z(d) = 2*d**2 - 2 + 2*d - 1 + b*d. What is the units digit of z(-3)?
9
Let g(h) = -h**2 - 12*h - 5. What is the tens digit of g(-6)?
3
Suppose 3*x + 2*d = -d + 210, 4*d = -2*x + 132. What is the units digit of x?
4
Let x = -8 - -37. Let v = x + -18. Let i = 16 - v. What is the units digit of i?
5
Suppose 4 + 0 = 2*s. Let q(r) = r**3 - 2*r**2 - r - 1. Let h be q(s). What is the units digit of (-1)/(((-3)/h)/(-19))?
9
Suppose r = -3*w + 32, 117 + 123 = 5*r - 5*w. Suppose a - r = -a. What is the tens digit of a?
2
Let h(t) = 3*t - 4. Let r be h(3). Let k be 248/5 - (-2)/r. Let a = k - 31. What is the units digit of a?
9
Let o(v) = 3*v**2 + v + 2. Suppose 9*s - 4 = 7*s. What is the units digit of o(s)?
6
Suppose 59 = 23*j - 22*j. What is the units digit of j?
9
Let b(u) = -3*u - 10. Let o be b(-14). Suppose 16 - 6 = 2*p + 2*f, -f = 4*p - o. What is the units digit of p?
9
Let o(q) = 12*q - 3. Let y be o(-1). Let v = y - -57. What is the tens digit of v?
4
Let z(c) = -5*c - 3. Let i(g) = -3*g - 1. Let q(s) = 5*i(s) - 2*z(s). Let p be q(-1). Suppose -m + p = -2*f - 0, 4*m + 2*f = 24. What is the units digit of m?
6
Let u be (-1 - 1)*35/(-2). Suppose f - u = -4*f. Suppose f + 3 = 2*n. What is the units digit of n?
5
Suppose -3*g = -2*g - 69. Suppose 5*r - 2*r = g. What is the units digit of r?
3
Let g(b) = 5*b**3 - 4*b**2 + b + 13. Let x(s) = -11*s**3 + 7*s**2 - 2*s - 26. Let d(l) = 13*g(l) + 6*x(l). What is the units digit of d(-10)?
3
Let i(k) = -k**2 - 5*k - 2. Let m be i(-3). Let u(h) = 6*h - 8. What is the tens digit of u(m)?
1
Suppose 2*z - 2 = 2. Suppose z*j = -p - 2*p + 24, 0 = 2*p - 2*j - 6. Suppose -p = 3*y - 5*y. What is the units digit of y?
3
Suppose 5*z = 5*u + 10, -6*u + 3*u + 5*z - 4 = 0. What is the units digit of -2 - (5 + u - 13)?
9
Let s = 92 + -60. Let x = s - 9. Suppose 5*y = 7 + x. What is the units digit of y?
6
Suppose -2*x + 4*u = -266, -4*u - 3 - 13 = 0. Suppose -7*j = -2*j - x. What is the tens digit of j?
2
Let f(q) = -5*q + q - 5*q**2 + 4*q**2. Let l be f(-4). Suppose -10 = -l*t - t. What is the tens digit of t?
1
Let t = 4 - -1. Suppose t*w - 23 = 27. What is the tens digit of w/(1 - (1 - 1))?
1
Let t(k) = 3*k. Let v(j) = 8*j. Let p(d) = -16*t(d) + 5*v(d). Let o be p(-1). Suppose -o = -7*n + 5*n. What is the units digit of n?
4
Suppose -2 = -3*k + 2*k. What is the units digit of k?
2
Suppose -1 = -g + b - 5, g = -5*b + 14. What is the units digit of (g + (5 - 1))*19?
7
What is the tens digit of ((-12)/(-8))/(2/100)?
7
Let z(l) = -l**2 + 6*l + 6. Suppose 0*r - 16 = -4*r, 4*r + 9 = 5*o. What is the tens digit of z(o)?
1
Let u(m) = -m**2 - 6*m - 4. Let z(o) = o**2 +